{"id":448,"date":"2019-02-16T12:46:21","date_gmt":"2019-02-16T12:46:21","guid":{"rendered":"https:\/\/www.guenther-muelverstedt.de\/?page_id=448"},"modified":"2021-03-05T10:16:22","modified_gmt":"2021-03-05T10:16:22","slug":"impressum","status":"publish","type":"page","link":"https:\/\/www.guenther-muelverstedt.de\/index.php\/impressum\/","title":{"rendered":"Impressum"},"content":{"rendered":"\n<p>Angaben gem\u00e4\u00df \u00a7 5 TMG:<\/p>\n\n\n\n<p><strong>Betreiber:<\/strong><br>G\u00fcnther M\u00fclverstedt                                                                                                  Ottenh\u00e4user Stra\u00dfe 32                                                                                            99718 Greu\u00dfen<\/p>\n\n\n\n<p><strong>Kontakt:<\/strong>                                                                                                     Telefonnummer: 01716337100<br>E-Mail-Adresse: guenther_muelverstedt@web.de<\/p>\n\n\n\n<p><strong>Verm\u00f6gensschaden-Haftpflichtversicherung:<\/strong> GHV 50-0450-5809107-560<\/p>\n\n\n\n<p><strong>USt.-ID: 159-251-09840<\/strong><br><\/p>\n\n\n\n<p><strong>Verantwortlicher f\u00fcr journalistisch-redaktionelle Inhalte gem. \u00a7 55 II RstV:<\/strong><br>G\u00fcnther M\u00fclverstedt<\/p>\n\n\n\n<p><strong>Bilder und Grafiken:<\/strong><br>Angaben der Quelle f\u00fcr verwendetes Bilder- und Grafikmaterial:<br>studioline Photostudios GmbH (www.studioline.de)<\/p>\n\n\n\n<p><strong>Online-Streitbeilegung gem\u00e4\u00df Art. 14 Abs. 1 ODR-VO<\/strong><br>Die Europ\u00e4ische Kommission stellt eine Plattform zur Online-Streitbeilegung (OS) bereit, die Sie unter <a href=\"http:\/\/ec.europa.eu\/consumers\/odr\/\">http:\/\/ec.europa.eu\/consumers\/odr\/<\/a> finden.<\/p>\n","protected":false},"excerpt":{"rendered":"<p>Angaben gem\u00e4\u00df \u00a7 5 TMG: Betreiber:G\u00fcnther M\u00fclverstedt Ottenh\u00e4user Stra\u00dfe 32 99718 Greu\u00dfen Kontakt: Telefonnummer: 01716337100E-Mail-Adresse: guenther_muelverstedt@web.de Verm\u00f6gensschaden-Haftpflichtversicherung: GHV 50-0450-5809107-560 USt.-ID: 159-251-09840 Verantwortlicher f\u00fcr journalistisch-redaktionelle Inhalte gem. \u00a7 55 II RstV:G\u00fcnther M\u00fclverstedt Bilder und Grafiken:Angaben der Quelle f\u00fcr verwendetes Bilder- und Grafikmaterial:studioline Photostudios GmbH (www.studioline.de) Online-Streitbeilegung gem\u00e4\u00df Art. 14 Abs. 1 ODR-VODie Europ\u00e4ische Kommission stellt eine<\/p><\/div>\n<div class=\"blog-btn\"><a href=\"https:\/\/www.guenther-muelverstedt.de\/index.php\/impressum\/\" class=\"home-blog-btn\">Weiterlesen<\/a><\/p>\n","protected":false},"author":1,"featured_media":0,"parent":0,"menu_order":6,"comment_status":"closed","ping_status":"closed","template":"","meta":{"footnotes":""},"class_list":["post-448","page","type-page","status-publish","hentry"],"_links":{"self":[{"href":"https:\/\/www.guenther-muelverstedt.de\/index.php\/wp-json\/wp\/v2\/pages\/448","targetHints":{"allow":["GET"]}}],"collection":[{"href":"https:\/\/www.guenther-muelverstedt.de\/index.php\/wp-json\/wp\/v2\/pages"}],"about":[{"href":"https:\/\/www.guenther-muelverstedt.de\/index.php\/wp-json\/wp\/v2\/types\/page"}],"author":[{"embeddable":true,"href":"https:\/\/www.guenther-muelverstedt.de\/index.php\/wp-json\/wp\/v2\/users\/1"}],"replies":[{"embeddable":true,"href":"https:\/\/www.guenther-muelverstedt.de\/index.php\/wp-json\/wp\/v2\/comments?post=448"}],"version-history":[{"count":7,"href":"https:\/\/www.guenther-muelverstedt.de\/index.php\/wp-json\/wp\/v2\/pages\/448\/revisions"}],"predecessor-version":[{"id":646,"href":"https:\/\/www.guenther-muelverstedt.de\/index.php\/wp-json\/wp\/v2\/pages\/448\/revisions\/646"}],"wp:attachment":[{"href":"https:\/\/www.guenther-muelverstedt.de\/index.php\/wp-json\/wp\/v2\/media?parent=448"}],"curies":[{"name":"wp","href":"https:\/\/api.w.org\/{rel}","templated":true}]}}