{"id":354,"date":"2019-01-28T15:23:24","date_gmt":"2019-01-28T15:23:24","guid":{"rendered":"https:\/\/www.guenther-muelverstedt.de\/index.php\/home\/"},"modified":"2021-06-25T05:50:46","modified_gmt":"2021-06-25T05:50:46","slug":"home","status":"publish","type":"page","link":"https:\/\/www.guenther-muelverstedt.de\/","title":{"rendered":"G\u00fcnther M\u00fclverstedt CFO und Interim Manager"},"content":{"rendered":"\n<p class=\"has-vivid-red-color has-text-color\"><strong>Interim Manager mit Schwerpunkt Kaufm\u00e4nnischer Bereich &#8211; Management und Beratung<\/strong><\/p>\n\n\n\n<p><strong>seit Mai 2021 Associate Partner SDC GmbH &#8211; Advanced Swiss Services<\/strong><\/p>\n\n\n\n<p>Analysestarker CFO mit umfangreichen Erfahrungen in <br>Restrukturierungs- und Optimierungsprozessen<\/p>\n\n\n\n<p>Strategisch &#8211; L\u00f6sungsorientiert &#8211; Ergebnisorientiert &#8211; Durchsetzungsstark<\/p>\n\n\n\n<p class=\"has-vivid-red-color has-text-color\"><strong>Ihre Vorteile:<\/strong><\/p>\n\n\n\n<ul class=\"wp-block-list\"><li>umfangreiche Berufserfahrungen in operativen F\u00fchrungspositionen<\/li><li>Hands-on-Mentalit\u00e4t<\/li><li>direkter Kontakt<\/li><li>Flexibilit\u00e4t (deutschlandweit)<\/li><li>sehr operative Expertise &#8211; &#8222;Chef arbeitet mit&#8220;<\/li><li>Experte Aufbau und Optimierung von Reportingsystemen (u.a. Excel)<\/li><li>Erfahrungen in diversen Strukturen und Branchen<\/li><li>M&amp;A<\/li><\/ul>\n\n\n\n<p><span class=\"has-inline-color has-vivid-red-color\"><strong>Netzwerk (Mitgliedschaften):<\/strong><\/span><\/p>\n\n\n\n<p>Netzwerk Th\u00fcringen: <a href=\"https:\/\/www.netzwerk-thueringen.de\/\" data-type=\"URL\" data-id=\"https:\/\/www.netzwerk-thueringen.de\/\">https:\/\/www.netzwerk-thueringen.de\/<\/a><\/p>\n\n\n\n<p>Associate Partner SDC GmbH: <a href=\"http:\/\/www.sdc-executives.de\/\">http:\/\/www.sdc-executives.de\/<\/a><\/p>\n","protected":false},"excerpt":{"rendered":"<p>Interim Manager mit Schwerpunkt Kaufm\u00e4nnischer Bereich &#8211; Management und Beratung seit Mai 2021 Associate Partner SDC GmbH &#8211; Advanced Swiss Services Analysestarker CFO mit umfangreichen Erfahrungen in Restrukturierungs- und Optimierungsprozessen Strategisch &#8211; L\u00f6sungsorientiert &#8211; Ergebnisorientiert &#8211; Durchsetzungsstark Ihre Vorteile: umfangreiche Berufserfahrungen in operativen F\u00fchrungspositionen Hands-on-Mentalit\u00e4t direkter Kontakt Flexibilit\u00e4t (deutschlandweit) sehr operative Expertise &#8211; &#8222;Chef arbeitet<\/p><\/div>\n<div class=\"blog-btn\"><a href=\"https:\/\/www.guenther-muelverstedt.de\/\" class=\"home-blog-btn\">Weiterlesen<\/a><\/p>\n","protected":false},"author":1,"featured_media":0,"parent":0,"menu_order":0,"comment_status":"open","ping_status":"closed","template":"template\/template-contact.php","meta":{"footnotes":""},"class_list":["post-354","page","type-page","status-publish","hentry"],"_links":{"self":[{"href":"https:\/\/www.guenther-muelverstedt.de\/index.php\/wp-json\/wp\/v2\/pages\/354","targetHints":{"allow":["GET"]}}],"collection":[{"href":"https:\/\/www.guenther-muelverstedt.de\/index.php\/wp-json\/wp\/v2\/pages"}],"about":[{"href":"https:\/\/www.guenther-muelverstedt.de\/index.php\/wp-json\/wp\/v2\/types\/page"}],"author":[{"embeddable":true,"href":"https:\/\/www.guenther-muelverstedt.de\/index.php\/wp-json\/wp\/v2\/users\/1"}],"replies":[{"embeddable":true,"href":"https:\/\/www.guenther-muelverstedt.de\/index.php\/wp-json\/wp\/v2\/comments?post=354"}],"version-history":[{"count":62,"href":"https:\/\/www.guenther-muelverstedt.de\/index.php\/wp-json\/wp\/v2\/pages\/354\/revisions"}],"predecessor-version":[{"id":707,"href":"https:\/\/www.guenther-muelverstedt.de\/index.php\/wp-json\/wp\/v2\/pages\/354\/revisions\/707"}],"wp:attachment":[{"href":"https:\/\/www.guenther-muelverstedt.de\/index.php\/wp-json\/wp\/v2\/media?parent=354"}],"curies":[{"name":"wp","href":"https:\/\/api.w.org\/{rel}","templated":true}]}}