{"id":353,"date":"2019-01-28T15:23:23","date_gmt":"2019-01-28T15:23:23","guid":{"rendered":"https:\/\/www.guenther-muelverstedt.de\/index.php\/about\/"},"modified":"2021-03-05T10:38:35","modified_gmt":"2021-03-05T10:38:35","slug":"persoenliches","status":"publish","type":"page","link":"https:\/\/www.guenther-muelverstedt.de\/index.php\/persoenliches\/","title":{"rendered":"Pers\u00f6nliches"},"content":{"rendered":"<p>G\u00fcnther M\u00fclverstedt<\/p>\n<p>Dipl.-Wirtschaftsingenieur (FH)<\/p>\n<p>verheiratet<\/p>\n<p>2 Kinder<\/p>\n<p>wohnhaft in Th\u00fcringen<\/p>\n<p>Interessen: Sport und ehrenamtliche T\u00e4tigkeiten<\/p>\n","protected":false},"excerpt":{"rendered":"<p>G\u00fcnther M\u00fclverstedt Dipl.-Wirtschaftsingenieur (FH) verheiratet 2 Kinder wohnhaft in Th\u00fcringen Interessen: Sport und ehrenamtliche T\u00e4tigkeiten<\/p>\n","protected":false},"author":1,"featured_media":476,"parent":0,"menu_order":2,"comment_status":"closed","ping_status":"closed","template":"","meta":{"footnotes":""},"class_list":["post-353","page","type-page","status-publish","has-post-thumbnail","hentry"],"_links":{"self":[{"href":"https:\/\/www.guenther-muelverstedt.de\/index.php\/wp-json\/wp\/v2\/pages\/353","targetHints":{"allow":["GET"]}}],"collection":[{"href":"https:\/\/www.guenther-muelverstedt.de\/index.php\/wp-json\/wp\/v2\/pages"}],"about":[{"href":"https:\/\/www.guenther-muelverstedt.de\/index.php\/wp-json\/wp\/v2\/types\/page"}],"author":[{"embeddable":true,"href":"https:\/\/www.guenther-muelverstedt.de\/index.php\/wp-json\/wp\/v2\/users\/1"}],"replies":[{"embeddable":true,"href":"https:\/\/www.guenther-muelverstedt.de\/index.php\/wp-json\/wp\/v2\/comments?post=353"}],"version-history":[{"count":4,"href":"https:\/\/www.guenther-muelverstedt.de\/index.php\/wp-json\/wp\/v2\/pages\/353\/revisions"}],"predecessor-version":[{"id":676,"href":"https:\/\/www.guenther-muelverstedt.de\/index.php\/wp-json\/wp\/v2\/pages\/353\/revisions\/676"}],"wp:featuredmedia":[{"embeddable":true,"href":"https:\/\/www.guenther-muelverstedt.de\/index.php\/wp-json\/wp\/v2\/media\/476"}],"wp:attachment":[{"href":"https:\/\/www.guenther-muelverstedt.de\/index.php\/wp-json\/wp\/v2\/media?parent=353"}],"curies":[{"name":"wp","href":"https:\/\/api.w.org\/{rel}","templated":true}]}}